 by 856.
17
Calculate the remainder when 17403129 is divided by 60.
9
Calculate the remainder when 6990730 is divided by 345.
340
Calculate the remainder when 254681952 is divided by 423.
420
Calculate the remainder when 1081992 is divided by 7.
2
What is the remainder when 46646 is divided by 23312?
22
Calculate the remainder when 5265137 is divided by 329071.
1
Calculate the remainder when 203852 is divided by 101762.
328
What is the remainder when 9168144 is divided by 2292034?
8
What is the remainder when 1255741 is divided by 419?
417
Calculate the remainder when 48561 is divided by 2968.
1073
What is the remainder when 364298 is divided by 10406?
88
What is the remainder when 3954777 is divided by 659119?
63
What is the remainder when 6941047 is divided by 322?
15
What is the remainder when 470667 is divided by 156862?
81
Calculate the remainder when 1695275 is divided by 193.
156
What is the remainder when 11479908 is divided by 72657?
102
Calculate the remainder when 45253617 is divided by 5801.
16
Calculate the remainder when 2700738 is divided by 650.
638
Calculate the remainder when 22953886 is divided by 108273.
10
Calculate the remainder when 768023 is divided by 14732.
1959
What is the remainder when 3328542 is divided by 19?
8
Calculate the remainder when 64557299 is divided by 5246.
23
Calculate the remainder when 322472759 is divided by 111.
110
What is the remainder when 33074 is divided by 33030?
44
Calculate the remainder when 2710506 is divided by 21009.
345
What is the remainder when 37023374 is divided by 116?
2
Calculate the remainder when 7589 is divided by 2518.
35
Calculate the remainder when 50617 is divided by 25143.
331
Calculate the remainder when 2217791 is divided by 160.
31
Calculate the remainder when 7816439 is divided by 1590.
1589
Calculate the remainder when 687250 is divided by 13216.
18
Calculate the remainder when 57253 is divided by 2628.
2065
What is the remainder when 35603 is divided by 8576?
1299
What is the remainder when 3770607 is divided by 6?
3
What is the remainder when 30818535 is divided by 15409265?
5
Calculate the remainder when 2796185 is divided by 1041.
59
Calculate the remainder when 1981412 is divided by 198121.
202
What is the remainder when 32426 is divided by 5385?
116
What is the remainder when 3438506 is divided by 312591?
5
Calculate the remainder when 210611 is divided by 1240.
1051
Calculate the remainder when 88809 is divided by 517.
402
Calculate the remainder when 11763 is divided by 524.
235
Calculate the remainder when 166073271 is divided by 15097569.
12
What is the remainder when 139119 is divided by 3598?
2395
Calculate the remainder when 1892690 is divided by 35.
30
Calculate the remainder when 1084777 is divided by 17783.
14
What is the remainder when 12607 is divided by 6674?
5933
What is the remainder when 12973149 is divided by 82?
11
What is the remainder when 223477 is divided by 55869?
1
Calculate the remainder when 19456890 is divided by 552.
546
What is the remainder when 740348 is divided by 3938?
4
Calculate the remainder when 3171930 is divided by 3171920.
10
What is the remainder when 8403231 is divided by 233411?
435
What is the remainder when 4538799 is divided by 5827?
5393
Calculate the remainder when 113402255 is divided by 16.
15
Calculate the remainder when 5686847 is divided by 5184.
5183
What is the remainder when 547224 is divided by 15200?
24
Calculate the remainder when 7112380 is divided by 131.
128
What is the remainder when 6187390 is divided by 101431?
99
What is the remainder when 14763 is divided by 12?
3
What is the remainder when 211760 is divided by 211752?
8
What is the remainder when 633397 is divided by 95?
32
What is the remainder when 41733 is divided by 12115?
5388
Calculate the remainder when 3181017 is divided by 85.
62
Calculate the remainder when 58653954 is divided by 1940.
1934
Calculate the remainder when 496863 is divided by 132.
15
What is the remainder when 15439 is divided by 2978?
549
What is the remainder when 158697 is divided by 12204?
45
What is the remainder when 4781586 is divided by 197?
2
Calculate the remainder when 2508095 is divided by 989.
980
What is the remainder when 768169 is divided by 96019?
17
What is the remainder when 10433 is divided by 997?
463
Calculate the remainder when 95605905 is divided by 33.
21
Calculate the remainder when 4882434 is divided by 732.
726
Calculate the remainder when 342299017 is divided by 1014.
1009
What is the remainder when 2384490 is divided by 596118?
18
What is the remainder when 1589906 is divided by 4248?
1154
What is the remainder when 77469 is divided by 2897?
2147
Calculate the remainder when 484073 is divided by 5832.
17
Calculate the remainder when 1296799 is divided by 56375.
174
Calculate the remainder when 109092 is divided by 109045.
47
What is the remainder when 3236110 is divided by 120?
70
What is the remainder when 913308 is divided by 869?
858
Calculate the remainder when 2723732 is divided by 20.
12
What is the remainder when 26185511 is divided by 13092752?
7
Calculate the remainder when 519116 is divided by 974.
948
What is the remainder when 6082777 is divided by 177?
172
Calculate the remainder when 4437875 is divided by 93.
8
What is the remainder when 28919798 is divided by 5783950?
48
Calculate the remainder when 477917 is divided by 119467.
49
Calculate the remainder when 714367 is divided by 4550.
17
Calculate the remainder when 254984180 is divided by 2117.
2115
What is the remainder when 70124 is divided by 65888?
4236
Calculate the remainder when 292267 is divided by 551.
237
What is the remainder when 671480 is divided by 67120?
280
Calculate the remainder when 961350 is divided by 1067.
1050
What is the remainder when 5079824 is divided by 26?
22
Calculate the remainder when 71216 is divided by 373.
346
Calculate the remainder when 73961367 is divided by 19.
10
What is the remainder when 902567 is divided by 83?
25
What is the remainder when 1353699 is divided by 1160?
1139
Calculate the remainder when 1804849 is divided by 1489.
181
Calculate the remainder when 71498 is divided by 1347.
107
Calculate the remainder when 4944977 is divided by 72720.
17
Calculate the remainder when 693666 is divided by 1232.
50
What is the remainder when 32794094 is divided by 164?
162
What is the remainder when 377526331 is divided by 113?
111
Calculate the remainder when 5152863 is divided by 5407.
5399
Calculate the remainder when 1306177 is divided by 326544.
1
Calculate the remainder when 1294193 is divided by 33.
32
Calculate the remainder when 3250331 is divided by 295481.
40
What is the remainder when 9651068 is divided by 9650993?
75
What is the remainder when 149820465 is divided by 7?
4
What is the remainder when 242669 is divided by 78924?
5897
What is the remainder when 490486278 is divided by 58?
56
Calculate the remainder when 93253712 is divided by 1466.
1452
What is the remainder when 55809398 is divided by 128?
118
What is the remainder when 49608 is divided by 16237?
897
Calculate the remainder when 551206 is divided by 156.
58
What is the remainder when 175839 is divided by 43602?
1431
Calculate the remainder when 19756463 is divided by 4906.
1
Calculate the remainder when 125778 is divided by 425.
403
Calculate the remainder when 20264013 is divided by 402.
399
Calculate the remainder when 3600335 is divided by 107.
106
What is the remainder when 5184396 is divided by 23?
12
What is the remainder when 388779296 is divided by 42?
38
Calculate the remainder when 6090463 is divided by 1463.
1457
What is the remainder when 126064 is divided by 41245?
2329
Calculate the remainder when 2378694 is divided by 216234.
120
What is the remainder when 1157665 is divided by 52621?
3
Calculate the remainder when 393009 is divided by 490.
29
What is the remainder when 42417 is divided by 2910?
1677
What is the remainder when 620227 is divided by 206742?
1
What is the remainder when 76604412 is divided by 666125?
37
What is the remainder when 755246 is divided by 32?
14
Calculate the remainder when 16406 is divided by 5266.
608
What is the remainder when 4307798 is divided by 1039?
104
What is the remainder when 235526 is divided by 899?
887